3
-111
200 (base 3) to base 7
24
Convert -6 (base 10) to base 11.
-6
141 (base 5) to base 7
64
What is -327 (base 9) in base 5?
-2033
-16 (base 10) to base 13
-13
Convert -120 (base 3) to base 8.
-17
What is 35 (base 16) in base 10?
53
What is 4 (base 6) in base 15?
4
Convert 1 (base 2) to base 16.
1
Convert 10 (base 6) to base 10.
6
-122 (base 7) to base 9
-72
What is 0 (base 12) in base 4?
0
Convert -22 (base 7) to base 4.
-100
What is -31 (base 8) in base 4?
-121
Convert -4 (base 9) to base 4.
-10
Convert 9 (base 13) to base 5.
14
What is 103 (base 4) in base 13?
16
100 (base 2) to base 16
4
-4 (base 6) to base 15
-4
Convert 6 (base 11) to base 6.
10
Convert -1440 (base 5) to base 10.
-245
5 (base 7) to base 5
10
Convert 23 (base 8) to base 11.
18
Convert 1 (base 9) to base 14.
1
-5 (base 8) to base 4
-11
Convert -3 (base 14) to base 15.
-3
155 (base 13) to base 12
17b
-1 (base 10) to base 16
-1
Convert 5 (base 13) to base 16.
5
Convert 8b (base 16) to base 14.
9d
Convert 9d (base 14) to base 13.
a9
-12 (base 3) to base 2
-101
What is b (base 12) in base 6?
15
What is 61 (base 15) in base 10?
91
What is 10000 (base 2) in base 6?
24
-1 (base 13) to base 11
-1
-213 (base 5) to base 7
-112
Convert 1033 (base 4) to base 8.
117
Convert 11 (base 8) to base 2.
1001
57 (base 9) to base 4
310
Convert -1 (base 12) to base 4.
-1
Convert -65 (base 7) to base 5.
-142
What is 4 (base 16) in base 12?
4
Convert -56 (base 12) to base 14.
-4a
3 (base 12) to base 6
3
Convert 2 (base 8) to base 7.
2
Convert 0 (base 13) to base 16.
0
-41 (base 9) to base 16
-25
What is 11 (base 5) in base 11?
6
184 (base 13) to base 6
1141
What is -5 (base 7) in base 6?
-5
Convert -11 (base 3) to base 10.
-4
Convert -20 (base 7) to base 8.
-16
What is 1 (base 3) in base 13?
1
Convert -39 (base 13) to base 15.
-33
Convert -6 (base 15) to base 16.
-6
Convert -10 (base 8) to base 15.
-8
What is -38 (base 10) in base 14?
-2a
-2220 (base 3) to base 9
-86
What is -10111 (base 3) in base 10?
-94
-15 (base 10) to base 9
-16
Convert -3 (base 14) to base 9.
-3
Convert -2 (base 8) to base 13.
-2
-11 (base 7) to base 3
-22
What is 129 (base 10) in base 4?
2001
What is 9 (base 16) in base 7?
12
0 (base 13) to base 14
0
Convert -2 (base 4) to base 15.
-2
Convert 323 (base 4) to base 10.
59
Convert 0 (base 16) to base 10.
0
-35 (base 7) to base 14
-1c
Convert 10100 (base 3) to base 12.
76
212 (base 5) to base 16
39
Convert 42 (base 9) to base 15.
28
5 (base 10) to base 8
5
What is -10 (base 5) in base 6?
-5
What is 26 (base 15) in base 5?
121
Convert -101110100 (base 2) to base 15.
-19c
What is 2 (base 9) in base 4?
2
What is -b (base 16) in base 15?
-b
What is -1 (base 16) in base 12?
-1
23 (base 5) to base 8
15
-4 (base 5) to base 14
-4
23 (base 4) to base 15
b
120 (base 16) to base 6
1200
372 (base 10) to base 3
111210
Convert -58 (base 15) to base 12.
-6b
3 (base 7) to base 8
3
-1 (base 9) to base 16
-1
What is 1 (base 12) in base 16?
1
Convert 15 (base 8) to base 7.
16
Convert -10 (base 16) to base 15.
-11
-1211 (base 3) to base 7
-100
Convert 8b (base 14) to base 12.
a3
-1 (base 15) to base 7
-1
Convert -da (base 16) to base 2.
-11011010
What is -12 (base 10) in base 5?
-22
What is 1110 (base 2) in base 6?
22
What is -10011 (base 2) in base 13?
-16
-1c (base 14) to base 13
-20
What is -10 (base 6) in base 3?
-20
What is -15b (base 13) in base 12?
-185
Convert -36 (base 7) to base 8.
-33
Convert 13 (base 4) to base 3.
21
3 (base 13) to base 6
3
Convert 1 (base 9) to base 4.
1
-3 (base 16) to base 4
-3
Convert 20 (base 7) to base 15.
e
What is -2 (base 3) in base 2?
-10
What is 101 (base 5) in base 13?
20
Convert -132 (base 6) to base 4.
-320
What is -1001 (base 3) in base 8?
-34
1 (base 15) to base 14
1
-20002 (base 3) to base 6
-432
What is -c (base 15) in base 14?
-c
What is 12 (base 6) in base 14?
8
-5 (base 15) to base 7
-5
-101 (base 3) to base 11
-a
Convert -1 (base 12) to base 11.
-1
Convert 7 (base 12) to base 2.
111
2 (base 5) to base 15
2
Convert -22 (base 12) to base 4.
-122
Convert 3 (base 5) to base 7.
3
-bd (base 16) to base 8
-275
What is -14 (base 7) in base 8?
-13
57 (base 15) to base 5
312
Convert -4 (base 7) to base 16.
-4
What is 2 (base 16) in base 4?
2
What is 35 (base 11) in base 2?
100110
What is 34 (base 15) in base 6?
121
Convert -10 (base 2) to base 13.
-2
1 (base 16) to base 4
1
-47 (base 9) to base 16
-2b
What is -3 (base 13) in base 9?
-3
8 (base 10) to base 16
8
Convert 1 (base 7) to base 9.
1
Convert 1010 (base 2) to base 16.
a
Convert -1011 (base 3) to base 2.
-11111
-bd (base 15) to base 14
-ca
Convert -1 (base 8) to base 13.
-1
3 (base 5) to base 14
3
What is 10 (base 13) in base 14?
d
What is -10 (base 12) in base 14?
-c
a (base 15) to base 2
1010
Convert 3 (base 9) to base 14.
3
What is 101 (base 10) in base 7?
203
-2 (base 14) to base 15
-2
What is 0 (base 11) in base 4?
0
Convert -2 (base 4) to base 10.
-2
10000 (base 2) to base 7
22
125 (base 8) to base 7
151
What is -66 (base 7) in base 15?
-33
Convert 42 (base 15) to base 6.
142
Convert -2b (base 12) to base 14.
-27
What is -a2 (base 11) in base 2?
-1110000
2 (base 15) to base 7
2
What is 0 (base 8) in base 6?
0
Convert -8 (base 11) to base 16.
-8
What is 9 (base 11) in base 13?
9
-5 (base 13) to base 9
-5
Convert 3 (base 15) to base 6.
3
What is -102 (base 5) in base 10?
-27
Convert 30 (base 4) to base 3.
110
Convert -9d (base 14) to base 3.
-12011
Convert -24 (base 6) to base 4.
-100
What is -8 (base 12) in base 3?
-22
Convert 26 (base 10) to base 5.
101
What is -68 (base 9) in base 10?
-62
401 (base 5) to base 11
92
10 (base 15) to base 11
14
3 (base 8) to base 4
3
Convert 24 (base 15) to base 11.
31
Convert -119 (base 10) to base 16.
-77
What is 0 (base 15) in base 8?
0
What is 1121 (base 3) in base 6?
111
What is -1 (base 4) in base 10?
-1
-1 (base 4) to base 6
-1
-1 (base 5) to base 15
-1
What is -36 (base 11) in base 16?
-27
Convert -22 (base 9) to base 5.
-40
2 (base 12) to base 7
2
-32 (base 9) to base 7
-41
-213 (base 4) to base 5
-124
Convert -3 (base 11) to base 7.
-3
1000001 (base 2) to base 10
65
-2b (base 14) to base 13
-30
11 (base 8) to base 12
9
What is -34 (base 9) in base 5?
-111
Convert 100 (base 2) to base 16.
4
What is 12002 (base 3) in base 10?
137
What is -10010 (base 2) in base 15?
-13
What is 26 (base 10) in base 6?
42
What is -6 (base 15) in base 9?
-6
-1 (base 9) to base 14
-1
Convert -101 (base 2) to base 11.
-5
What is 1 (base 2) in base 9?
1
Convert 4 (base 15) to base 16.
4
What is 3 (base 8) in base 3?
10
2 (base 4) to base 14
2
4 (base 7) to base 4
10
Convert 5 (base 12) to base 13.
5
Convert 3 (base 13) to base 12.
3
Convert 265 (base 8) to base 3.
20201
4 (base 8) to base 2
100
Convert -a (base 15) to base 2.
-1010
What is -117 (base 14) in base 2?
-11011001
49 (base 13) to base 9
67
-56 (base 10) to base 3
-2002
13 (base 6) to base 5
14
-10 (base 3) to base 10
-3
Convert 143 (base 8) to base 14.
71
Convert 3 (base 15) to base 13.
3
What is 203 (base 4) in base 15?
25
What is -6 (base 9) in base 15?
-6
What is 113 (base 6) in base 12?
39
Convert a (base 11) to base 15.
a
Convert -1 (base 10) to base 2.
-1
Convert -1b (base 15) to base 6.
-42
Convert -10 (base 15) to base 8.
-17
What is -144 (base 5) in base 13?
-3a
What is 120 (base 5) in base 14?
27
Convert -10100 (base 2) to base 12.
-18
What is 5 (base 13) in base 8?
5
-16 (base 16) to base 11
-20
-3 (base 12) to base 9
-3
Convert -1 (base 14) to base 8.
-1
12 (base 3) to base 12
5
23 (base 4) to base 13
b
2c (base 14) to base 13
31
Convert 1 (base 8) to base 14.
1
-11 (base 7) to base 14
-8
Convert -119 (base 12) to base 10.
-165
100 (base 2) to base 6
4
Convert -3 (base 15) to base 2.
-11
What is -555 (base 6) in base 3?
-21222
-2200 (base 3) to base 13
-57
-7 (base 11) to base 3
-21
Convert 0 (base 12) to base 5.
0
-10011 (base 2) to base 16
-13
What is 9 (base 10) in base 15?
9
What is -101110 (base 2) in base 11?
-42
Convert 4 (base 10) to base 11.
4
What is -9 (base 13) in base 14?
-9
0 (base 5) to base 14
0
What is 9 (base 15) in base 6?
13
What is -20 (base 9) in base 14?
-14
Convert -40 (base 12) to base 7.
-66
What is -127 (base 12) in base 15?
-ba
What is -3 (base 11) in base 9?
-3
What is -